{"id":241588,"date":"2023-02-26T08:26:12","date_gmt":"2023-02-26T07:26:12","guid":{"rendered":"https:\/\/www.praxisrebstock.de\/praxis\/?page_id=241588"},"modified":"2024-02-20T19:13:54","modified_gmt":"2024-02-20T18:13:54","slug":"ueber-mich","status":"publish","type":"page","link":"https:\/\/www.praxisrebstock.de\/praxis\/ueber-mich\/","title":{"rendered":"\u00dcber mich"},"content":{"rendered":"<p>[et_pb_section fb_built=&#8220;1&#8243; fullwidth=&#8220;on&#8220; _builder_version=&#8220;4.23.4&#8243; _module_preset=&#8220;default&#8220; locked=&#8220;off&#8220; global_colors_info=&#8220;{}&#8220;][et_pb_fullwidth_header title=&#8220;Lebensweg&#8220; header_fullscreen=&#8220;on&#8220; header_scroll_down=&#8220;on&#8220; background_overlay_color=&#8220;rgba(137,0,135,0.36)&#8220; background_overlay_color_tablet=&#8220;rgba(137,0,135,0.36)&#8220; background_overlay_color_phone=&#8220;rgba(137,0,135,0.36)&#8220; background_overlay_color_last_edited=&#8220;on|phone&#8220; _builder_version=&#8220;4.23.4&#8243; _module_preset=&#8220;default&#8220; title_font=&#8220;Dosis|600||on|||||&#8220; title_text_align=&#8220;left&#8220; title_text_color=&#8220;#ffffff&#8220; title_font_size=&#8220;55px&#8220; title_letter_spacing=&#8220;2px&#8220; background_color=&#8220;RGBA(255,255,255,0)&#8220; background_image=&#8220;https:\/\/www.praxisrebstock.de\/praxis\/wp-content\/uploads\/2024\/01\/Firefly-fussabdruecke-im-Sand-mit-leuchtturm.jpg&#8220; parallax=&#8220;on&#8220; title_font_size_tablet=&#8220;50px&#8220; title_font_size_phone=&#8220;44px&#8220; title_font_size_last_edited=&#8220;on|phone&#8220; background_last_edited=&#8220;off|desktop&#8220; title_text_shadow_style=&#8220;preset5&#8243; title_text_shadow_blur_strength=&#8220;0.05em&#8220; locked=&#8220;off&#8220; global_colors_info=&#8220;{}&#8220;][\/et_pb_fullwidth_header][\/et_pb_section][et_pb_section fb_built=&#8220;1&#8243; admin_label=&#8220;\u00dcber mich&#8220; _builder_version=&#8220;4.23.4&#8243; background_color=&#8220;#FFFFFF&#8220; use_background_color_gradient=&#8220;on&#8220; background_color_gradient_stops=&#8220;rgba(244,186,244,0.54) 0%|rgba(72,196,173,0) 100%&#8220; background_color_gradient_overlays_image=&#8220;on&#8220; background_enable_image=&#8220;off&#8220; parallax=&#8220;on&#8220; custom_margin=&#8220;40px|40px|40px|40px|false|true&#8220; custom_margin_tablet=&#8220;&#8220; custom_margin_phone=&#8220;12px|20px|18px|20px|false|true&#8220; custom_margin_last_edited=&#8220;on|tablet&#8220; custom_padding=&#8220;||40px||false|false&#8220; border_radii=&#8220;on|15px|15px|15px|15px&#8220; border_style_all=&#8220;none&#8220; global_colors_info=&#8220;{}&#8220;][et_pb_row column_structure=&#8220;2_5,3_5&#8243; custom_padding_last_edited=&#8220;on|desktop&#8220; _builder_version=&#8220;4.23.4&#8243; background_color=&#8220;#f4f4f4&#8243; z_index=&#8220;0&#8243; width_tablet=&#8220;90%&#8220; width_phone=&#8220;90%&#8220; width_last_edited=&#8220;on|desktop&#8220; max_width=&#8220;1200px&#8220; overflow-x=&#8220;visible&#8220; overflow-y=&#8220;visible&#8220; custom_margin=&#8220;-30px|auto||auto|false|false&#8220; custom_margin_tablet=&#8220;-30px|auto||auto|false|false&#8220; custom_margin_phone=&#8220;-30px|auto||auto|false|false&#8220; custom_margin_last_edited=&#8220;on|desktop&#8220; custom_padding=&#8220;39px|60px|39px|90px|true|false&#8220; custom_padding_tablet=&#8220;|||60px|false|false&#8220; custom_padding_phone=&#8220;0px|20px||20px|false|true&#8220; border_radii=&#8220;on|15px|15px|15px|15px&#8220; border_width_all=&#8220;1px&#8220; border_color_all=&#8220;#eeeeee&#8220; global_colors_info=&#8220;{}&#8220; width__hover_enabled=&#8220;off&#8220;][et_pb_column type=&#8220;2_5&#8243; _builder_version=&#8220;4.16&#8243; global_colors_info=&#8220;{}&#8220;][et_pb_image src=&#8220;https:\/\/www.praxisrebstock.de\/praxis\/wp-content\/uploads\/2023\/02\/EVA-Rebstock-scaled-1.jpg&#8220; title_text=&#8220;EVA-Rebstock-scaled&#8220; align=&#8220;center&#8220; _builder_version=&#8220;4.23.4&#8243; custom_margin=&#8220;||||false|false&#8220; custom_margin_tablet=&#8220;0px||||false|false&#8220; custom_margin_last_edited=&#8220;off|phone&#8220; custom_padding=&#8220;45px||||false|false&#8220; border_radii=&#8220;on|15px|15px|15px|15px&#8220; border_width_all=&#8220;1px&#8220; border_color_all=&#8220;#eeeeee&#8220; border_style_all=&#8220;none&#8220; global_colors_info=&#8220;{}&#8220;][\/et_pb_image][\/et_pb_column][et_pb_column type=&#8220;3_5&#8243; _builder_version=&#8220;4.16&#8243; custom_padding=&#8220;40px||||false|false&#8220; custom_padding_tablet=&#8220;0px||||false|false&#8220; custom_padding_phone=&#8220;&#8220; custom_padding_last_edited=&#8220;on|tablet&#8220; global_colors_info=&#8220;{}&#8220;][et_pb_text _builder_version=&#8220;4.23.4&#8243; text_font_size=&#8220;17px&#8220; text_line_height=&#8220;1.8em&#8220; header_font=&#8220;|500||on|||||&#8220; header_text_color=&#8220;#9e1881&#8243; background_color=&#8220;#FFFFFF&#8220; custom_padding=&#8220;30px|30px|30px|30px|true|true&#8220; custom_padding_tablet=&#8220;|30px||50px|true|false&#8220; custom_padding_phone=&#8220;|30px|||true|false&#8220; custom_padding_last_edited=&#8220;off|tablet&#8220; hover_enabled=&#8220;0&#8243; text_font_size_tablet=&#8220;&#8220; text_font_size_phone=&#8220;15px&#8220; text_font_size_last_edited=&#8220;on|desktop&#8220; header_text_align_tablet=&#8220;&#8220; header_text_align_phone=&#8220;left&#8220; header_text_align_last_edited=&#8220;on|phone&#8220; header_font_size_tablet=&#8220;&#8220; header_font_size_phone=&#8220;30px&#8220; header_font_size_last_edited=&#8220;on|desktop&#8220; header_2_font_size_tablet=&#8220;40px&#8220; header_2_font_size_phone=&#8220;30px&#8220; header_2_font_size_last_edited=&#8220;off|desktop&#8220; header_3_font_size_phone=&#8220;18px&#8220; header_3_font_size_last_edited=&#8220;off|desktop&#8220; border_radii=&#8220;on|15px|15px|15px|15px&#8220; border_width_all=&#8220;1px&#8220; border_color_all=&#8220;#eeeeee&#8220; global_colors_info=&#8220;{}&#8220; header_3_line_height__hover_enabled=&#8220;off|desktop&#8220; sticky_enabled=&#8220;0&#8243;]<\/p>\n<h1>Das bin ich &#8211; Eva-Maria Rebstock<\/h1>\n<p>&nbsp;<\/p>\n<p>Geboren und aufgewachsen in Oberschwaben.<\/p>\n<p>Zum Studium hat es mich nach Leipzig gezogen. Dort habe ich 2008 mein Studium zur Diplom- Psychologin abgeschlossen.<\/p>\n<p>Direkt danach habe ich die Ausbildung zur Psychologischen Psychotherapeutin am Freiburger Ausbildungsinstitut f\u00fcr Verhaltenstherapie (FAVT) abgeschlossen und 2012 die Approbation erlangt.<\/p>\n<p>W\u00e4hrend meiner Ausbildung habe ich einerseits an der Uniklinik Freiburg in der Abteilung f\u00fcr Psychiatrie und Psychotherapie auf verschiedenen Stationen gerabeitet und Einblicke in die verschiedenen Bereiche bekommen.<\/p>\n<p>An der Uniklinik Freiburg habe ich auch in der Abteilung f\u00fcr Psychosomatische Medizin und Psychotherapie in der medizinschen Lehre vor Ort und international als Dozentin gearbeitet.<\/p>\n<p>Nach der Approbation entschied ich mich zun\u00e4chst f\u00fcr die tagesklinische therapeutische Arbeit in der Orthop\u00e4die. Dort entstand mein Interesse an der Speziellen Schmerzpsychotherapie mit Patient:innen mit chronischen Erkrankungen.<\/p>\n<p>Hinzu kam dann auch die zus\u00e4tzliche ambulante psychotherapeutische Arbeit an der Hochschulambulanz der Uni Freiburg, ebenfalls mit dem Schwerpunkt chronische Erkrankungen und Rehabilitation.<\/p>\n<p>Mit Beginn der Pandemie fiel der Entschluss sich auf die ambulante Arbeit in einer psychotherapeutischen Praxis zu fokussieren und selbstst\u00e4ndig zu arbeiten.<\/p>\n<p>[\/et_pb_text][et_pb_button button_url=&#8220;@ET-DC@eyJkeW5hbWljIjp0cnVlLCJjb250ZW50IjoicG9zdF9saW5rX3VybF9wYWdlIiwic2V0dGluZ3MiOnsicG9zdF9pZCI6Ijg4In19@&#8220; button_text=&#8220;Termin vereinbaren&#8220; _builder_version=&#8220;4.23.4&#8243; _dynamic_attributes=&#8220;button_url&#8220; locked=&#8220;off&#8220; global_colors_info=&#8220;{}&#8220;][\/et_pb_button][\/et_pb_column][\/et_pb_row][\/et_pb_section]<\/p>\n","protected":false},"excerpt":{"rendered":"<p>Das bin ich &#8211; Eva-Maria Rebstock &nbsp; Geboren und aufgewachsen in Oberschwaben. Zum Studium hat es mich nach Leipzig gezogen. Dort habe ich 2008 mein Studium zur Diplom- Psychologin abgeschlossen. Direkt danach habe ich die Ausbildung zur Psychologischen Psychotherapeutin am Freiburger Ausbildungsinstitut f\u00fcr Verhaltenstherapie (FAVT) abgeschlossen und 2012 die Approbation erlangt. W\u00e4hrend meiner Ausbildung habe ich einerseits an der Uniklinik Freiburg in der Abteilung f\u00fcr Psychiatrie und Psychotherapie auf verschiedenen Stationen gerabeitet und Einblicke in die verschiedenen Bereiche bekommen. An der Uniklinik Freiburg habe ich auch in der Abteilung f\u00fcr Psychosomatische Medizin und Psychotherapie in der medizinschen Lehre vor Ort und international als Dozentin gearbeitet. Nach der Approbation entschied ich mich zun\u00e4chst f\u00fcr die tagesklinische therapeutische Arbeit in der Orthop\u00e4die. Dort entstand mein Interesse an der Speziellen Schmerzpsychotherapie mit Patient:innen mit chronischen Erkrankungen. Hinzu kam dann auch die zus\u00e4tzliche ambulante psychotherapeutische Arbeit an der Hochschulambulanz der Uni Freiburg, ebenfalls mit dem Schwerpunkt chronische Erkrankungen und Rehabilitation. Mit Beginn der Pandemie fiel der Entschluss sich auf die ambulante Arbeit in einer psychotherapeutischen Praxis zu fokussieren und selbstst\u00e4ndig zu arbeiten.<\/p>\n","protected":false},"author":1,"featured_media":0,"parent":0,"menu_order":0,"comment_status":"closed","ping_status":"closed","template":"","meta":{"_seopress_robots_primary_cat":"","_seopress_titles_title":"%%sitetitle%% %%sep%% Praxis f\u00fcr Psychotherapie in Freiburg","_seopress_titles_desc":"Praxis Rebstock, Ihre Praxis f\u00fcr Psychotherapie in Freiburg - Spezielle Schmerztherapie - Coaching - \r\nVerhaltenstherapie - Entspannungsverfahren","_seopress_robots_index":"","_seopress_analysis_target_kw":"Psychotherapie,Freiburg,Praxis,Rebstock","_et_pb_use_builder":"on","_et_pb_old_content":"","_et_gb_content_width":"","footnotes":""},"class_list":["post-241588","page","type-page","status-publish","hentry"],"_links":{"self":[{"href":"https:\/\/www.praxisrebstock.de\/praxis\/wp-json\/wp\/v2\/pages\/241588","targetHints":{"allow":["GET"]}}],"collection":[{"href":"https:\/\/www.praxisrebstock.de\/praxis\/wp-json\/wp\/v2\/pages"}],"about":[{"href":"https:\/\/www.praxisrebstock.de\/praxis\/wp-json\/wp\/v2\/types\/page"}],"author":[{"embeddable":true,"href":"https:\/\/www.praxisrebstock.de\/praxis\/wp-json\/wp\/v2\/users\/1"}],"replies":[{"embeddable":true,"href":"https:\/\/www.praxisrebstock.de\/praxis\/wp-json\/wp\/v2\/comments?post=241588"}],"version-history":[{"count":61,"href":"https:\/\/www.praxisrebstock.de\/praxis\/wp-json\/wp\/v2\/pages\/241588\/revisions"}],"predecessor-version":[{"id":242485,"href":"https:\/\/www.praxisrebstock.de\/praxis\/wp-json\/wp\/v2\/pages\/241588\/revisions\/242485"}],"wp:attachment":[{"href":"https:\/\/www.praxisrebstock.de\/praxis\/wp-json\/wp\/v2\/media?parent=241588"}],"curies":[{"name":"wp","href":"https:\/\/api.w.org\/{rel}","templated":true}]}}